nd 163676.
493
Calculate the greatest common factor of 11490 and 10936182.
2298
What is the greatest common divisor of 595 and 795435270?
595
What is the highest common divisor of 105078386 and 658?
14
Calculate the greatest common factor of 551198749 and 1541.
1541
What is the highest common divisor of 17384085 and 621?
27
What is the greatest common factor of 949 and 22950577?
13
Calculate the highest common factor of 4324306 and 8323.
203
What is the greatest common divisor of 5838385 and 19530?
1085
What is the greatest common divisor of 2232 and 31048?
8
Calculate the greatest common divisor of 911728 and 320.
16
Calculate the highest common divisor of 15 and 11901165.
15
Calculate the highest common divisor of 796432649 and 11974.
5987
Calculate the greatest common divisor of 7885 and 2289215.
95
Calculate the highest common factor of 2586053 and 17821.
251
What is the greatest common factor of 878503 and 2603?
19
What is the highest common factor of 19241964 and 580?
116
What is the greatest common divisor of 519 and 219531291?
519
Calculate the highest common factor of 52701675 and 60.
15
Calculate the highest common factor of 162783904 and 40.
8
What is the highest common factor of 26622 and 104197?
29
Calculate the highest common divisor of 25482 and 59830.
62
What is the highest common factor of 1123253 and 25756?
47
What is the greatest common divisor of 16692570 and 1930?
1930
What is the highest common divisor of 265 and 88553407?
53
Calculate the highest common factor of 126586 and 111890.
334
What is the highest common factor of 176064 and 29701056?
1344
Calculate the highest common factor of 92 and 870310156.
92
Calculate the greatest common divisor of 550594 and 843151.
863
Calculate the highest common divisor of 5920858 and 13895.
397
Calculate the greatest common divisor of 614 and 106529.
307
Calculate the greatest common divisor of 4114 and 3864542.
374
What is the greatest common factor of 149702 and 12173?
259
Calculate the highest common factor of 101 and 68678283.
101
What is the highest common divisor of 78 and 2189898?
6
Calculate the highest common factor of 7168573 and 7396.
1849
What is the greatest common divisor of 173009 and 13481?
17
Calculate the highest common divisor of 102 and 523790349.
51
Calculate the highest common factor of 3490 and 149504620.
3490
Calculate the highest common divisor of 151342017 and 1803.
1803
What is the greatest common factor of 211020 and 4452?
12
What is the highest common factor of 4381 and 1745185?
13
Calculate the greatest common factor of 2848365 and 4355.
65
What is the greatest common factor of 377808 and 32?
16
What is the highest common divisor of 6865813 and 110525?
4421
What is the greatest common factor of 477 and 333647455?
53
What is the greatest common divisor of 127 and 83053301?
127
What is the highest common divisor of 50882 and 4254518?
3914
Calculate the highest common factor of 2137670826 and 94.
94
What is the greatest common factor of 15159222 and 234?
234
Calculate the greatest common divisor of 3365027 and 14429.
307
What is the highest common divisor of 4909755 and 115?
5
What is the greatest common factor of 2953394240 and 8720?
8720
Calculate the highest common divisor of 13227004 and 840.
28
What is the greatest common factor of 304005 and 780?
195
What is the highest common factor of 14139234 and 7632?
954
Calculate the highest common factor of 3003 and 2145143.
1001
Calculate the highest common divisor of 3446 and 73906362.
3446
What is the highest common factor of 473 and 130763?
43
What is the greatest common factor of 405 and 23874930?
45
Calculate the greatest common factor of 767 and 5200299.
13
What is the highest common divisor of 78807145 and 13925?
2785
What is the highest common factor of 24295075 and 1085?
35
What is the greatest common factor of 10908 and 311256?
108
Calculate the highest common divisor of 565172 and 45800.
916
What is the greatest common factor of 208689877 and 369?
41
What is the highest common factor of 1087435 and 395?
395
What is the greatest common factor of 364229991 and 3411?
3411
Calculate the highest common factor of 5316827 and 58849.
1201
What is the highest common divisor of 34749 and 1904331?
429
What is the greatest common factor of 77940 and 6002679?
1299
What is the highest common factor of 45 and 337088865?
15
What is the greatest common factor of 55 and 5302627?
11
What is the highest common factor of 343410 and 930?
30
Calculate the highest common factor of 1286250 and 10605.
105
What is the greatest common factor of 1140 and 23258010?
30
Calculate the greatest common factor of 140724 and 26808.
12
What is the greatest common factor of 260094 and 1809?
201
What is the highest common divisor of 112 and 185213364?
28
What is the highest common divisor of 80 and 2366680?
40
Calculate the highest common divisor of 1545288448 and 24.
8
What is the highest common factor of 429084 and 1774424?
548
Calculate the greatest common divisor of 147129996 and 76.
76
What is the highest common factor of 8212355 and 430?
215
Calculate the highest common factor of 11 and 1337777804.
11
What is the greatest common factor of 34 and 5270731?
17
What is the highest common factor of 946998 and 693954?
3834
What is the greatest common factor of 1464 and 41646?
6
What is the greatest common factor of 12 and 11339388?
12
Calculate the highest common factor of 242653 and 1378769.
431
What is the highest common divisor of 3850 and 10367060?
110
What is the highest common divisor of 19208 and 61152?
392
Calculate the greatest common divisor of 3139 and 6839881.
3139
What is the highest common divisor of 45684188 and 22?
22
What is the greatest common factor of 30 and 6521745?
15
Calculate the highest common factor of 3320661 and 153.
51
What is the highest common divisor of 14938 and 4948174?
154
What is the highest common divisor of 18069237 and 366?
183
What is the greatest common divisor of 125088375 and 75?
75
What is the greatest common factor of 535126912 and 192?
64
What is the greatest common factor of 3777 and 44?
1
What is the greatest common divisor of 7461 and 45607435?
829
Calculate the highest common factor of 5949697 and 364.
13
Calculate the greatest common factor of 14 and 232442.
14
What is the greatest common divisor of 22987734 and 231?
231
What is the greatest common factor of 6367400 and 13?
13
Calculate the highest common divisor of 14079 and 1526435794.
4693
What is the highest common divisor of 1320 and 13935108?
132
What is the greatest common factor of 7692 and 7254838?
1282
Calculate the greatest common factor of 116600 and 279416.
424
What is the greatest common factor of 4152 and 2086034?
346
What is the greatest common divisor of 603 and 34255626?
201
What is the greatest common factor of 98942 and 7205735?
811
Calculate the greatest common factor of 897 and 1295930883.
897
What is the greatest common factor of 4875 and 539487000?
4875
Calculate the highest common divisor of 14280 and 130830.
210
Calculate the highest common divisor of 944 and 11564944.
944
Calculate the greatest common divisor of 209338 and 36687598.
4454
Calculate the highest common factor of 13696 and 64984.
8
What is the highest common divisor of 429291160 and 2440?
2440
Calculate the highest common factor of 21 and 37967727.
21
Calculate the greatest common factor of 12911493 and 16611.
2373
Calculate the greatest common factor of 693977397 and 1093.
1093
What is the greatest common factor of 52 and 1329991?
13
Calculate the highest common factor of 13302 and 1434.
6
What is the highest common divisor of 215465097 and 3441?
3441
Calculate the highest common factor of 107 and 1757689.
107
Calculate the greatest common factor of 102466172 and 39220.
7844
Calculate the highest common factor of 5500370 and 52070.
1270
What is the highest common divisor of 102238 and 1183642?
1054
Calculate the highest common factor of 5035 and 1023695.
265
Calculate the highest common divisor of 14418072 and 774.
774
Calculate the greatest common divisor of 9000 and 175423320.
360
What is the highest common factor of 7046 and 59098?
26
What is the greatest common divisor of 8042098 and 1?
1
What is the highest common divisor of 137464932 and 